17
Suppose -3*s = -2*s - 2. Suppose 2*q - 44 = -s*q. List the prime factors of q.
11
List the prime factors of ((-196)/(-16) + -10)/((-2)/(-24)).
3
Suppose 2*y - 2*n - 8 = 2*n, 2*n - 36 = -3*y. List the prime factors of y + 2/(4/(-6)).
7
Let c = -61 + 71. List the prime factors of c.
2, 5
Suppose q - 4*m - 91 = 18, 0 = 2*q + m - 227. List the prime factors of q.
113
Let k = -206 + 298. List the prime factors of k.
2, 23
Let j be (-3)/(-2)*(-70)/(-21). Let z = 7 - j. Let h(y) = 4*y - 3. What are the prime factors of h(z)?
5
Let w = -22 - -32. Let j = w - -7. List the prime factors of j.
17
Let k(h) = -h**2 + 22*h + 7. What are the prime factors of k(21)?
2, 7
Let a(t) = 5*t + 17. Let k(y) = 4*y + 16. Let g(s) = -3*a(s) + 4*k(s). List the prime factors of g(-6).
7
Suppose -3*t = -2*t - y, -5*y = -5. Suppose l = 12 - t. Suppose -4*r + l = -13. What are the prime factors of r?
2, 3
Suppose 6 = -2*p - p. Let l be 22 + 1/2*p. Suppose -v - l = -4*v. What are the prime factors of v?
7
Let r(f) = f**3 + 5*f**2 + 4*f. Suppose -x = -0 - 4. Let p = -7 + x. List the prime factors of r(p).
2, 3
List the prime factors of (5/(-15))/(1/(-24)).
2
Let w be 2/(-6)*(-1 - -1). Suppose 3*c + 0*c - 57 = w. What are the prime factors of c?
19
Let o = 787 - 425. What are the prime factors of o?
2, 181
Suppose 7*o = 1014 - 258. List the prime factors of o.
2, 3
Suppose 0 = 2*f + f - 126. What are the prime factors of f?
2, 3, 7
Let b(q) = -q**2 + 5*q + 8. Let h be b(6). Suppose h*c + g + g = 2, 0 = -3*g - 3. List the prime factors of c.
2
Let b(i) = i + 1. Let s be b(-5). List the prime factors of 87/6 + (-2)/s.
3, 5
Let z be (-60)/(-9)*6/5. Let v be (-26)/(-4) - 4/z. List the prime factors of (-27)/(-2) + (-3)/v.
13
Let w(c) = -c**2 - 6*c - 6. Let o be w(-4). Suppose 0 = -p - o*p + 15. Suppose 4 = -a, 0*a = 5*g + 5*a - p. List the prime factors of g.
5
Suppose -16*d + 10*d = -288. What are the prime factors of d?
2, 3
Let j be (-2)/6 + 70/(-15). What are the prime factors of -2 + 6 - (0 + j)?
3
Suppose -4*h + 15 = -1437. What are the prime factors of (h/(-22))/((-3)/4)?
2, 11
List the prime factors of ((-8)/(-10))/(14/1855).
2, 53
Suppose -800 = -5*s + 5*j, 486 = 4*s - s - 5*j. What are the prime factors of s?
157
Let k = -6 - -2. Let o be 214/(-14) + k/(-14). What are the prime factors of (-15)/(-2)*(-18)/o?
3
Let v(m) = m + 11. Let d be v(-7). Suppose s - 13 - 32 = d*y, 0 = y + 2*s. Let r = y + 20. What are the prime factors of r?
2, 5
Let d(n) = 2*n - 1. Let v be d(3). Suppose 0 = m - 3*i + 8, -4*i + 17 = v*m - 0*m. List the prime factors of ((-12)/(-10))/(m/5).
2, 3
Let u = -82 - -142. List the prime factors of u.
2, 3, 5
Suppose 5*k - 2*k + 34 = -c, 2*c = k - 40. Let t = c + 26. List the prime factors of t.
2
Let k = -3 + 7. Suppose -2*f - 2 = -k. What are the prime factors of -4*f + 2 + 6?
2
Suppose a - 4*m = 13 + 4, 2*m = 4*a - 26. Suppose 44 = -k + a*k. List the prime factors of k.
11
Suppose 0 = 12*z - 842 - 214. List the prime factors of z.
2, 11
List the prime factors of 88/12 + (-1)/3.
7
Let c(j) be the second derivative of j**4/8 - j**3/2 + j**2/2 - j. Let h(v) be the first derivative of c(v). What are the prime factors of h(5)?
2, 3
Let i(r) = r**3 - 4*r**2 - 7*r + 3. List the prime factors of i(8).
7, 29
Suppose 5*g - 5*v - 1 = 89, 71 = 4*g - 5*v. What are the prime factors of g?
19
Let a be (-8 - 0)*(-4)/(-8). Let f be (-10)/a + (-1)/2. Suppose 40 = 2*c + f*c. What are the prime factors of c?
2, 5
Let c(f) = f**3 - f**2 - 3*f - 3. Let v be c(-2). List the prime factors of v/(-3) - (-5 + 1).
7
Suppose 2*b - 70 = -3*b + 5*m, 2*b - 43 = -3*m. Suppose -l + b = -0*l. List the prime factors of l.
17
Suppose -5*p + 136 - 11 = 0. What are the prime factors of p?
5
Let k(j) = j**3 + j**2 - 2. Let h be k(-2). Let v be (-32)/h + 1/(-3). Suppose -3*i = v*m + 1 - 20, -i = 2*m - 6. What are the prime factors of i?
2
Let n = 8 + -6. Let y be (-2 - -4)/n - 13. What are the prime factors of (9/y)/(3/(-12))?
3
Let m = -16 + 24. What are the prime factors of m?
2
Suppose 4*k - 212 = 4*a, -5*k - 5*a = -2*a - 233. List the prime factors of k.
7
List the prime factors of (38/(-2))/(6/(-84)).
2, 7, 19
Let h be (-6 - 1) + 1 + 0. Let z(c) = c**2 + 5*c - 2. Let g be z(h). Suppose -3*k + 25 = 2*i, 0 = -g*i + 3*k - 4*k + 35. List the prime factors of i.
2
Suppose -3*t - b - 42 = -5*t, 0 = -4*b + 16. What are the prime factors of t?
23
Let x(c) be the first derivative of c**3 - 2*c**2 + 2*c + 2. What are the prime factors of x(3)?
17
Let c = -19 + 22. What are the prime factors of (-4*c)/(-4) + -1?
2
Suppose -5*c = -0*m - 2*m - 349, c = 3*m + 75. List the prime factors of c.
3, 23
Let v = 17 + -4. Let s be 0 + 2 - v/(-1). Suppose -7*c + s = -2*c. List the prime factors of c.
3
Suppose 19 = 5*w - 41. Suppose -4*n - 9 - 3 = 5*b, -5*b + w = -4*n. Let p = n - -17. What are the prime factors of p?
2, 7
Let c = 17 + -17. Suppose c = z - 23 + 11. What are the prime factors of z?
2, 3
Let d(o) = -o**3 + 2*o**2 - 1. Let v be d(-3). Let c = v - 17. What are the prime factors of c?
3
Let o(g) be the first derivative of 7*g**3/3 - g - 7. What are the prime factors of o(-2)?
3
Suppose 6*m - 18 = -g + 3*m, -m = 4*g - 17. Suppose 2 + 16 = g*p. What are the prime factors of p?
2, 3
Let g = 46 - -11. What are the prime factors of g?
3, 19
Suppose s + 5*h - 15 = 0, 0*s - 3*h + 9 = -3*s. Suppose p + 3*p - 24 = s. List the prime factors of p.
2, 3
Suppose 0 = 3*p - 5*h - 266, p - 94 = 3*h - 4*h. Suppose j - 5*j = -p. Suppose -5*b + 4*a + 46 = 0, -b - 3*a + j = b. What are the prime factors of b?
2, 5
Suppose 0 = -0*n - 4*n + 120. Suppose -41*f + 37*f = -24. What are the prime factors of n/8*16/f?
2, 5
Suppose 0 = 31*x - 30*x - 158. What are the prime factors of x?
2, 79
Suppose -5*g = -2*g - 2*q - 15, 0 = -4*g + 4*q + 16. What are the prime factors of g?
7
Suppose 2*k = -3*k. What are the prime factors of 2 + 14 + k/(-3)?
2
Suppose 0 = -2*t - 2*b + 252, 8 + 241 = 2*t + 3*b. List the prime factors of t.
3, 43
Suppose -3*i = 2*f - 155, -4*i - 2*f + 237 = 31. List the prime factors of i.
3, 17
Let o be (8/20)/(2/30). Let d = 11 - o. What are the prime factors of d?
5
Suppose -6*k + k + 7 = -3*y, -2*y + 7 = -k. Suppose -g = 2*g - y. List the prime factors of g.
2
Let n(o) = 2*o**2 + 3*o - 4. Let z be n(-3). List the prime factors of 1*2 - z/(-5).
3
Let h = -84 + 166. What are the prime factors of h?
2, 41
Suppose 8 = 3*h + 53. What are the prime factors of (-6)/(-15) - 54/h?
2
Let j = 14 + -14. Suppose j*u - 2*u = -30. What are the prime factors of u?
3, 5
List the prime factors of (0 + 1)/(-1) - -64.
3, 7
Let h be 399/12 + 1/(-4). Let m be (h/2)/(-3)*-2. Suppose -9 = -3*z - 3*g, 0 = 3*z - g + 3*g - m. List the prime factors of z.
5
Let n = 1 - 1. What are the prime factors of 7 - (-3 - (n - 0))?
2, 5
Let q(i) = i**3 - 4*i**2 + 6*i - 6. List the prime factors of q(4).
2, 3
Let n(w) = -2*w - 7. List the prime factors of n(-6).
5
Let l = -11 + 36. Suppose -u - 2*u = q - l, 2*q - 50 = 5*u. List the prime factors of q.
5
Let m(s) = 29*s - 29. List the prime factors of m(3).
2, 29
Let y be ((-210)/(-63))/(4/6 - 0). Let a = -6 + 4. List the prime factors of 11/(a/(3 - y)).
11
Let d(l) be the first derivative of -l**2 - 4*l - 7. Let s(o) = -o**2 + 7*o - 4. Let u be s(7). List the prime factors of d(u).
2
What are the prime factors of (2/(-16)*-18)/((-18)/(-528))?
2, 3, 11
Let t = -60 - -39. List the prime factors of (-161)/t + 4/(-6).
7
Let m(i) = i - 2. Let g be m(4). Let a = 2 + g. Suppose -j + 6 = r, -r + 15 = a*j - 0*j. List the prime factors of j.
3
Suppose 4*j - 120 = 20. List the prime factors of j.
5, 7
Let z(c) = -1 + c**2 + 2*c - 6*c - 3. Let b be z(-3). Let n = b + -5. What are the prime factors of n?
2, 3
Let j be 0 + 5 + 1*-2. Let a = 0 + j. Suppose 0 = a*c - 2 - 25. What are the prime factors of c?
3
Let i(y) = y - 9. Let n be i(13). Suppose -3*a + 13 = j, 6*a - n*j = a + 16. List the prime factors of a.
2
Let y be (-422)/(-7) + (-6)/21. What are the prime factors of (1/(-3))/((-2)/y)?
2, 5
Let x(f) = -f**3 + 8*f**2 - 1. Let j be x(8). List the prime factors of j/(-5) - (-952)/40.
2, 3
Suppose 5*a = -3*l + 165, -2*a + 55 = 2*l - 7. List the prime factors of (a/21)/((-2)/(-14)).
2, 3
What are t